te number?
True
Suppose 4*y + 2 - 14 = 0. Is (-9)/((-9)/290) - y a prime number?
False
Suppose -1 = 4*s - 17. Let b be s*1/2 - -2. Suppose -2*v - 3*d = d - 38, 5*d = b*v - 76. Is v composite?
False
Let x = -1253 + 2224. Is x prime?
True
Is 6534/7 + 21/(-49) - 0 composite?
True
Suppose -2033 = -3*h + 700. Is h a composite number?
False
Let r(u) = 2*u - 4. Let i be r(3). Suppose 92 + 162 = i*j. Is j a composite number?
False
Let p(i) = i**3 - 4*i**2 - 5*i - 6. Let a be p(5). Is ((-92)/a)/((-2)/(-3)) a composite number?
False
Let i = 3 + -5. Let h be 3/((-6)/2) - i. Is 3/h + (62 - -2) prime?
True
Let u(c) be the third derivative of c**6/60 - c**5/15 + c**4/24 - c**3/2 + 2*c**2. Is u(4) a composite number?
True
Let n(i) = i**2 - 21*i + 1. Is n(-11) a composite number?
False
Let j = 79 - -78. Suppose 4*y + 4*u = 660, -y + 3*u + j = -0*y. Is y a composite number?
False
Let v(o) = 701*o**3 - o**2 + o. Is v(1) composite?
False
Suppose -47*w + 41*w + 1722 = 0. Is w prime?
False
Suppose -2*s = 2*s + n + 14, -3*s = 3*n + 6. Suppose -4*v - 379 = -3*f, f + 124 = 4*v + 501. Is (0 + 2)*v/s prime?
True
Let c = -1915 + 5186. Is c a prime number?
True
Let s(j) = -j**3 + 4*j**2 - 2*j - 4. Let z be s(3). Let y be 76/(-1)*z/2. Is (0 + y)*3/6 composite?
False
Let v(t) = 2*t + 1. Let n be v(-4). Let b = n - -12. Suppose 93 = -2*l + b*l. Is l a prime number?
True
Let o = -117 - -64. Let d be 18*(0 + 1 + -2). Let z = d - o. Is z a prime number?
False
Suppose 0*a = -5*a + 380. Suppose -2*i = -0*i - a. Is i a prime number?
False
Let q(u) = u**3 - 14*u**2 + 13*u - 11. Is q(15) composite?
False
Let g be 36/21 + (-4)/(-14). Let r be 2/(3 - 5/g). Is ((-102)/r)/(1/(-2)) prime?
False
Suppose 4*p + 8 = 8*p. Suppose 5*u = p*u + 111. Is u a composite number?
False
Let y = -32 - -54. Is y prime?
False
Let l = 3176 + -1291. Suppose 11*n = 16*n - l. Is n a prime number?
False
Suppose 101*o = 105*o - 18332. Is o prime?
True
Let c = 6 - 3. Suppose c = w - 0*w. Is 159/w*1 - -2 composite?
True
Suppose 0*f - 208 = f. Let i = -52 - f. Suppose -4*s + 728 = i. Is s prime?
False
Suppose 2*k + k + 5*b = -90, -3*k = -5*b + 90. Let i = 76 + k. Is i prime?
False
Let y(q) = q**2 + 4*q + 3. Let d be y(-4). Is -3 + 1/(d/18) composite?
False
Suppose -6 = -3*d + 3*n + 6, 34 = 5*d + 2*n. Let r(g) = g. Let o(l) = -l + 5. Let w(s) = -o(s) + 6*r(s). Is w(d) composite?
False
Let y(v) = -v**3 - 3*v**2 + 3*v. Let u be (5 + -1)*-1 - 1. Is y(u) prime?
False
Let q = -8 - -13. Let s(f) = 5*f - q + 11*f - 3*f + 11*f. Is s(5) a prime number?
False
Let g = -21 + 36. Suppose -t + 0*t = -g. Is t composite?
True
Let m be ((-3)/9)/((-1)/15). Suppose 15 = 6*h - h, m = r + h. Suppose 0 = -q + r + 5. Is q a composite number?
False
Suppose -9*d + 17464 = 5215. Is d a prime number?
True
Let p be 2/3*(-360)/(-2). Suppose -3*t = 5*k - 82, 5*k = -3*t - 2*t + p. Is t a prime number?
True
Suppose 3 = y - 1, 0 = -2*w + 3*y + 1150. Is w prime?
False
Suppose t - q - 53 + 19 = 0, 0 = 2*q - 6. Is t prime?
True
Let b be 3 + -4 + -2*3. Is (-10 - b)/(1/(-59)) a prime number?
False
Let c(f) = f**3 - 7*f**2 - 9*f + 10. Let j be c(8). Suppose -3*p - 2693 = -5*i, 3*i - 1603 = j*p + 3*p. Is i composite?
False
Suppose -3*x = -2*t - 11, t - 3*t = -x + 1. Let i = 1 + 1. Is 26/i + (-4)/t a prime number?
True
Let i(p) = -77*p + 5. Is i(-6) prime?
True
Suppose 4*a - 2*w = -312, -3*w = 5*a + 2*w + 420. Let b be 4*(2 - a - -3). Is b/12*(2 + 1) composite?
True
Let t = 26 + -3. Is t a composite number?
False
Suppose 2*p - 8 = -4*v, -2*v - 2*v - 5*p = -8. Suppose -y - f + v = 0, 4 = 2*y - 4*f - 12. Suppose 0 = -2*x - 10, s - 430 = -y*s + 3*x. Is s prime?
True
Suppose -2*t + 378 = t. Let d = -44 + t. Suppose 23 = 5*c - d. Is c a composite number?
True
Let j = 633 + -2053. Is j/(-28) + (-2)/(-7) a composite number?
True
Suppose 0 = -2*i - 0*i, -i = b + 27. Let v = b - -62. Is v composite?
True
Suppose 31 = 5*h - 404. Is h prime?
False
Let i = 439 + -62. Is i composite?
True
Let f(m) = -m**3 - 32*m**2 - 34*m + 4. Is f(-31) composite?
False
Suppose 519 = 5*f - 41. Suppose 2*u - f = 150. Is u a composite number?
False
Let h(x) be the third derivative of 3*x**5/20 + 5*x**4/24 - x**3/6 - 3*x**2. Is h(-6) prime?
True
Let k = 4878 - 2405. Is k prime?
True
Let c be ((-20)/(-6))/((-6)/(-9)). Suppose -5*r - 5 = 0, -5*s + 3 = -c*r - 12. Suppose 4*g - 265 = -5*u, -212 = -s*u - 2*u - 5*g. Is u prime?
True
Let j(v) = v + 15. Let z be j(-11). Suppose -p = z*p - 15. Suppose -51 = -g - h, p*g - 132 = -2*h + 17. Is g composite?
False
Let c(m) = -2*m - 2. Let q be c(-2). Suppose 2*r + 0*r = -q*i - 4, -2*r - 4 = -i. Suppose i = -x + 4 + 63. Is x prime?
True
Let j = -597 + 1098. Is j composite?
True
Suppose 5*u = 2 + 8. Suppose -11 + 114 = 3*a + 4*o, 82 = u*a - 4*o. Is a prime?
True
Let a(m) = m**3 - 6*m**2 + 7*m. Let p = 8 - 3. Let i be a(p). Let v = i - -9. Is v a composite number?
False
Let y(i) = -i**2 + 4*i - 1. Let z be y(8). Let v = z - -90. Is v composite?
True
Let j be 2/((-2)/(1*-14)). Is (j/4)/((-2)/(-8)) composite?
True
Let r(b) = -b**2 + b - 1. Let l(s) = 3*s**2 - 2*s - 2. Let u(g) = l(g) + r(g). Is u(-4) a prime number?
False
Suppose -4*z + 3*z = -4. Suppose -4*d + 41 = -3*y, -3*d + 50 - 15 = 2*y. Let q = d - z. Is q a composite number?
False
Let n(r) = 99*r - 6. Let u = -4 - -6. Let o(f) = 50*f - 3. Let x(m) = u*n(m) - 5*o(m). Is x(-7) composite?
False
Let x = -1 - -2. Let v be (-1)/x + 1 + 4. Suppose 2*h = v*z - 356, 0*z + h = -z + 95. Is z a prime number?
False
Suppose -610 = 3*w - 3*r - 2353, 5*w - r = 2925. Is w composite?
True
Is (-12)/8*878/(-3) a prime number?
True
Let z = 1629 - -778. Is z a composite number?
True
Let f = -13 + 18. Suppose 4*g - 601 = a, -3*g - f*a = -230 - 192. Is g a composite number?
False
Let i(r) = 55*r - 1. Let c be i(-1). Suppose 4*o + 26 + 30 = 0. Is 40/o*c/16 prime?
False
Suppose 45 = 5*w - 0. Is 332/2 - w/3 a composite number?
False
Suppose 235 = -6*s + 11*s. Is s prime?
True
Let m(x) = -29*x - 6. Let s be m(-4). Suppose o - s = -o. Is o a prime number?
False
Let k = 6 + -10. Is (1/k)/(5/(-4460)) a prime number?
True
Suppose 9265 = 9*y - 3497. Is y a composite number?
True
Suppose -5811 = -10*i - 1641. Is i a prime number?
False
Let a be (2/(-4))/(3/(-18)). Suppose a*k = 7*k + 4*g - 1156, k = g + 297. Is k a composite number?
False
Let p(o) = 6*o**2 + o - 2. Let x be p(2). Let h be 0/((-6 + 0)/3). Suppose -4*i + x + 28 = h. Is i a composite number?
False
Suppose -9*q + 8581 - 598 = 0. Is q a prime number?
True
Let b(f) = 15*f - 3. Let s be b(-5). Is 21/(-2)*s/9 a prime number?
False
Suppose 189 = s - 3*y + 26, 0 = 2*s - 3*y - 326. Is s a prime number?
True
Let h = -20 + 28. Is h/(-12) + (-773)/(-3) composite?
False
Let m(c) = -186*c + 9. Is m(-4) a composite number?
True
Let q(z) = 200*z + 1. Is q(9) a composite number?
False
Suppose d = -4*d + 1040. Suppose -2*k = 3*u - d + 37, 4*u - 245 = 3*k. Is u + -2*2/4 prime?
False
Suppose 5*q = -4*j + 1422, 0 = -j - j + q + 718. Is j a prime number?
False
Let s(d) = 38*d - 4. Let a be s(9). Suppose f + f = a. Is f a prime number?
False
Is (1 - -92)/3 - 0 a prime number?
True
Suppose -g = -3*x - x - 143, -4*x - 266 = -2*g. Is g a prime number?
False
Suppose -19 = 3*j - 1. Let o(y) = -1. Let x(d) = -3*d - 4. Let r(u) = -o(u) + x(u). Is r(j) a prime number?
False
Let z be (-5616)/(-33) + 2/(-11). Suppose z = 5*h - 305. Is h composite?
True
Suppose -8*a + 4*a - 6030 = 5*q, 0 = 4*q - 5*a + 4824. Let u = 1739 + q. Is u a composite number?
True
Let k(m) = -9*m**3 + 10*m**3 + 14*m - 7*m**2 - m + 11 + 2. Let a be k(10). Suppose -2*s + 119 = u - 4*s, -4*u - 3*s + a = 0. Is u prime?
True
Suppose -2*l - 1 + 25 = 0. Is l/8 + 46/4 a prime number?
True
Let f be (63 + 1)*(-2)/(-4). Suppose -v + 3*c = 17, -7*v + 2*v = c + 85. Let t = v + f. Is t composite?
True
Let w = -11 - -4. Let y = 142 - w. Is y prime?
True
Suppose f + 1 = -4*c, 17 = -4*f - 2*c - c. Let r(q) = q**2 + 4*q - 1. Let z be r(f). Suppose -2*i - 5*o = -131, -z*i + 2*i + 116 = 2*o. Is i composite?
False
Let o = 6077 - 3857. Let h = -6 - -11. Suppose -o = -h*g - 605. Is g prime?
False
Suppose 0*c + 354 = 5*c + h, 2*h = 4*c - 286. Is c composite?
False
Is ((-3)/6*2)/((-1)/1277) a prime number?
True
Let b be 1/((-3)/(5 - -1)). Let d 